 13?
914
-10c88 (base 13) to base 4
-13133231
-1371a (base 12) to base 5
-1330300
What is -579 (base 14) in base 16?
-43f
What is 12623 (base 10) in base 7?
51542
1011012 (base 3) to base 2
1101001010
Convert 22012 (base 4) to base 3.
212221
3f43 (base 16) to base 13
74aa
Convert -11c22 (base 13) to base 11.
-22721
359 (base 12) to base 7
1314
Convert -434054 (base 6) to base 10.
-35890
b5 (base 14) to base 11
135
-3210 (base 4) to base 12
-170
181 (base 12) to base 5
1431
What is -1445 (base 7) in base 14?
-2cc
4004 (base 5) to base 15
239
-2010220112 (base 3) to base 7
-234035
Convert 3b7e (base 16) to base 12.
8992
Convert 1610 (base 9) to base 12.
860
88a6 (base 13) to base 11
13361
Convert -403304 (base 5) to base 6.
-135550
Convert 1101001111 (base 2) to base 4.
31033
What is -2100113 (base 5) in base 10?
-34408
1211440 (base 5) to base 8
54331
-121002120 (base 3) to base 9
-17076
Convert -142024 (base 5) to base 14.
-2209
What is -7199 (base 11) in base 9?
-14076
Convert b78 (base 15) to base 16.
a1c
Convert 55a (base 12) to base 4.
30112
What is -1015 (base 8) in base 11?
-438
-102202 (base 4) to base 13
-703
311213 (base 5) to base 13
4834
Convert 126 (base 10) to base 15.
86
Convert 1b4 (base 12) to base 3.
101101
Convert -502a (base 13) to base 3.
-120010012
What is -1688 (base 9) in base 4?
-110033
Convert -11044 (base 9) to base 12.
-42aa
-234 (base 13) to base 2
-101111101
What is -1110110100 (base 2) in base 3?
-1022010
What is 5120 (base 10) in base 9?
7018
What is -1021310 (base 4) in base 16?
-1274
25370 (base 9) to base 12
9a69
132346 (base 9) to base 2
10011101001011011
-1804 (base 9) to base 7
-4012
What is 2840 (base 14) in base 5?
211422
Convert -2547 (base 12) to base 6.
-31331
What is -443a (base 16) in base 8?
-42072
What is -20416 (base 7) in base 3?
-20212121
Convert -10d (base 14) to base 9.
-252
Convert 47850 (base 10) to base 6.
1005310
-110202121 (base 3) to base 12
-5474
What is -1000110101110000 (base 2) in base 7?
-210364
What is 317 (base 15) in base 3?
221211
-316 (base 11) to base 15
-1a5
554 (base 10) to base 14
2b8
Convert -1a63a (base 13) to base 14.
-14b34
Convert 174 (base 9) to base 10.
148
-20599 (base 10) to base 2
-101000001110111
Convert 1441 (base 7) to base 6.
2344
-10230 (base 4) to base 14
-176
What is -3132 (base 5) in base 13?
-261
93f (base 16) to base 6
14543
What is 1653 (base 10) in base 3?
2021020
What is 6875 (base 9) in base 2?
1001111100010
Convert -110001000100010 (base 2) to base 6.
-312150
What is 210000000 (base 3) in base 14?
5817
Convert -706 (base 8) to base 4.
-13012
582 (base 9) to base 8
737
Convert -3204 (base 15) to base 2.
-10100101010011
What is -e00f (base 16) in base 3?
-2220200102
What is 362 (base 11) in base 9?
528
What is -10431 (base 5) in base 11?
-614
-ce1 (base 15) to base 6
-21251
What is 34875 (base 10) in base 9?
52750
Convert -546 (base 16) to base 4.
-111012
1112 (base 5) to base 7
313
Convert 7333 (base 12) to base 6.
134103
3113204 (base 5) to base 14
1486a
2cc (base 13) to base 2
111111010
2790 (base 10) to base 16
ae6
Convert 82a (base 14) to base 4.
121012
Convert -99a (base 16) to base 11.
-1935
What is 1268 (base 12) in base 3?
2212122
5731 (base 11) to base 15
2376
What is -3131001 (base 4) in base 2?
-11011101000001
Convert 446 (base 8) to base 16.
126
Convert -1230 (base 4) to base 7.
-213
What is 736 (base 8) in base 10?
478
What is -1010110011 (base 2) in base 15?
-311
What is 361605 (base 7) in base 12?
31a79
321 (base 12) to base 6
2041
Convert -1570 (base 15) to base 2.
-1000111111101
Convert 4505 (base 6) to base 5.
13144
Convert -1321 (base 6) to base 9.
-414
What is -44142 (base 5) in base 11?
-2320
Convert 10001101 (base 3) to base 7.
6325
-a363 (base 12) to base 9
-26353
What is -4501 (base 7) in base 15?
-72d
10c (base 13) to base 5
1211
What is -3330 (base 4) in base 10?
-252
What is 1687 (base 12) in base 13?
12c4
Convert -19792 (base 10) to base 11.
-13963
Convert -150 (base 13) to base 4.
-3222
What is -300 (base 10) in base 6?
-1220
Convert 31321 (base 4) to base 9.
1187
a5 (base 14) to base 15
9a
-110102 (base 3) to base 4
-11033
-164451 (base 8) to base 16
-e929
What is 1000000011000000 (base 2) in base 9?
50182
Convert 30020 (base 6) to base 8.
7474
What is 7aac (base 13) in base 2?
100001100111011
Convert 7b8b (base 13) to base 3.
212210201
What is -121 (base 4) in base 12?
-21
What is 12a (base 11) in base 14?
ad
Convert 12210 (base 4) to base 8.
644
Convert 28883 (base 12) to base 6.
1113443
What is 132c (base 13) in base 12?
1706
Convert 194 (base 15) to base 8.
554
-9976 (base 12) to base 14
-625c
-210200112 (base 3) to base 15
-4a3e
Convert 5db1 (base 14) to base 7.
65611
-1806 (base 11) to base 4
-210001
What is -111101001101 (base 2) in base 5?
-111132
-7249 (base 11) to base 13
-44b5
What is 9 (base 14) in base 12?
9
Convert bc0d (base 15) to base 2.
1001101110011110
59c7 (base 14) to base 3
210110222
What is 215306 (base 7) in base 14?
db3d
Convert -83b0 (base 16) to base 7.
-200200
-456 (base 13) to base 3
-1000200
Convert -110011 (base 4) to base 5.
-20120
Convert -2724 (base 9) to base 2.
-11111111111
Convert d8 (base 16) to base 2.
11011000
Convert -1228 (base 12) to base 15.
-918
-365 (base 13) to base 3
-210212
Convert 5144 (base 8) to base 5.
41120
What is 436 (base 9) in base 7?
1020
Convert -981 (base 15) to base 14.
-ad4
-211 (base 15) to base 5
-3331
-36211 (base 7) to base 11
-7046
Convert 1a126 (base 15) to base 4.
110222130
What is 2203 (base 4) in base 8?
243
Convert 43002 (base 7) to base 11.
7a99
e57 (base 15) to base 4
302200
432 (base 6) to base 10
164
Convert 2231304 (base 5) to base 8.
115233
-205100 (base 7) to base 14
-cc70
What is 20220201 (base 3) in base 12?
2b01
-5c23 (base 16) to base 9
-35317
Convert -14bbd (base 14) to base 7.
-303526
What is 10011011011010 (base 2) in base 9?
14571
What is -105582 (base 9) in base 4?
-33123011
38c7 (base 16) to base 15
4490
What is -177 (base 14) in base 8?
-455
Convert 2400142 (base 5) to base 10.
43797
Convert -1304 (base 6) to base 10.
-328
112a (base 11) to base 2
10111001100
What is -2184 (base 12) in base 8?
-7164
What is bb3 (base 12) in base 5?
23334
1000110001 (base 2) to base 12
3a9
Convert 128d (base 15) to base 9.
5377
What is -1101100 (base 2) in base 13?
-84
-26911 (base 13) to base 14
-1c275
Convert -3601 (base 7) to base 10.
-1324
Convert -2450 (base 11) to base 10.
-3201
Convert 4555 (base 8) to base 10.
2413
What is -431 (base 9) in base 11?
-2a0
What is 1000100110001 (base 2) in base 7?
15555
Convert 101011010100011 (base 2) to base 11.
15733
What is a4 (base 15) in base 7?
310
2064 (base 16) to base 7
33114
Convert -1673 (base 9) to base 13.
-777
What is -5ba (base 16) in base 4?
-112322
167 (base 8) to base 5
434
What is -816 (base 11) in base 9?
-1314
What is 74 (base 8) in base 13?
48
202012022 (base 3) to base 10
14723
What is -25a (base 15) in base 9?
-654
Convert 2ca6 (base 16) to base 10.
11430
-2023000 (base 5) to base 4
-20001223
What is -1100 (base 2) in base 9?
-13
What is 1815 (base 11) in base 8?
4413
11201212 (base 3) to base 12
1bb8
Convert -17360 (base 8) to base 16.
-1ef0
Convert -373 (base 15) to base 4.
-30033
What is 5157 (base 11) in base 12?
3b5a
Convert -570 (base 10) to base 5.
-4240
What is 32872 (base 9) in base 3?
1002222102
a38 (base 14) to base 11
1568
What is 193 (base 11) in base 10?
223
-231113 (base 4) to base 2
-101101010111
Convert -1000111001 (base 2) to base 11.
-478
Convert -721a (base 11) to base 4.
-2111230
-5d5 (base 16) to base 11
-1138
What is -2601 (base 8) in base 2?
-10110000001
What is -2026 (base 8) in base 4?
-100112
What is 55003 (base 6) in base 7?
31023
Convert 1c2 (base 13) to base 2.
101000111
What is -4911 (base 10) in base 8?
-11457
What is 1012 (base 11) in base 16?
540
What is -1000110010 (base 2) in base 9?
-684
Convert 2460 (base 7) to base 14.
4a0
Convert 1103012 (base 4) to base 11.
3aa5
Convert -10111 (base 4) to base 8.
-425
What is -234231 (base 5) in base 11?
-6591
Convert -d6 (base 15) to base 6.
-533
-521 (base 15) to base 10
-1156
1e (base 15) to base 13
23
233 (base 13) to base 12
278
Convert -18603 (base 14) to base 13.
-22025
What is -263475 (base 8) in bas